 the prime factors of 66975494.
2, 19, 23, 76631
List the prime factors of 213706496.
2, 59, 14149
What are the prime factors of 4091392213?
277, 14770369
List the prime factors of 31439673.
3, 31, 112687
List the prime factors of 1706903194.
2, 113, 193, 39133
What are the prime factors of 546926212?
2, 7, 19533079
List the prime factors of 61512760.
2, 5, 1537819
What are the prime factors of 13109022?
2, 3, 61, 11939
List the prime factors of 2642440160.
2, 5, 41, 229, 1759
What are the prime factors of 486023960?
2, 5, 107, 113557
What are the prime factors of 41050849?
7, 19, 79, 3907
List the prime factors of 238448150.
2, 5, 29, 164447
What are the prime factors of 7308138669?
3, 13, 187388171
What are the prime factors of 80959163?
6073, 13331
List the prime factors of 60684256.
2, 283, 6701
List the prime factors of 542251645.
5, 13, 8342333
List the prime factors of 109848174.
2, 3, 18308029
What are the prime factors of 1173277852?
2, 149, 151, 13037
What are the prime factors of 87930334?
2, 23, 1911529
What are the prime factors of 624718059?
3, 7, 29748479
List the prime factors of 510599835.
3, 5, 193, 19597
List the prime factors of 83480885.
5, 281, 59417
List the prime factors of 3668904742.
2, 17, 6569, 16427
What are the prime factors of 2200065058?
2, 10337, 106417
List the prime factors of 52820745.
3, 5, 29, 31, 3917
List the prime factors of 1615286.
2, 31, 26053
What are the prime factors of 21297785?
5, 53, 80369
What are the prime factors of 1009050085?
5, 201810017
What are the prime factors of 90857551?
29, 3133019
List the prime factors of 4282528653.
3, 13, 36602809
What are the prime factors of 34967502?
2, 3, 331, 5869
List the prime factors of 25409468.
2, 7, 907481
List the prime factors of 124970231.
124970231
What are the prime factors of 46331406?
2, 3, 11, 77999
List the prime factors of 317982063.
3, 7, 1871, 8093
List the prime factors of 313899750.
2, 3, 5, 139511
List the prime factors of 30712360.
2, 5, 7, 19, 23, 251
List the prime factors of 1273925553.
3, 47, 571, 15823
What are the prime factors of 2656012051?
7, 11, 17, 1013, 2003
What are the prime factors of 88080719?
89, 989671
List the prime factors of 105633579.
3, 233, 151121
List the prime factors of 25002399.
3, 31, 268843
List the prime factors of 179656525.
5, 109, 65929
List the prime factors of 78651599.
13, 71, 85213
What are the prime factors of 84101180?
2, 5, 4205059
What are the prime factors of 50122010?
2, 5, 107, 139, 337
What are the prime factors of 304545844?
2, 53, 1436537
List the prime factors of 580517445.
3, 5, 17, 47, 48437
What are the prime factors of 2837690?
2, 5, 283769
List the prime factors of 3914731580.
2, 5, 53, 73, 50591
List the prime factors of 288921843.
3, 7, 1528687
What are the prime factors of 657264929?
19, 37, 934943
What are the prime factors of 70217446?
2, 13, 17, 158863
What are the prime factors of 1010438188?
2, 252609547
What are the prime factors of 1229070919?
31, 101, 392549
List the prime factors of 97051741.
89, 1090469
What are the prime factors of 95953497?
3, 1847, 17317
List the prime factors of 232764108.
2, 3, 577, 33617
What are the prime factors of 4070492723?
11, 83, 4458371
What are the prime factors of 30817084?
2, 7704271
List the prime factors of 589371774.
2, 3, 8863, 11083
What are the prime factors of 1550244920?
2, 5, 7, 5536589
What are the prime factors of 1165121607?
3, 13, 29874913
List the prime factors of 23206633.
53, 437861
What are the prime factors of 205930504?
2, 13, 1980101
What are the prime factors of 311692876?
2, 11, 2179, 3251
What are the prime factors of 1682901332?
2, 7, 17, 207971
List the prime factors of 85318951.
1583, 53897
What are the prime factors of 40692?
2, 3, 3391
List the prime factors of 1028316049.
947, 1085867
List the prime factors of 80367600.
2, 3, 5, 66973
List the prime factors of 79842860.
2, 5, 3992143
List the prime factors of 131020356.
2, 3, 59, 185057
What are the prime factors of 35634946?
2, 211, 84443
List the prime factors of 2039045469.
3, 37, 101, 239, 761
What are the prime factors of 246978491?
73, 3383267
What are the prime factors of 4407259?
19, 231961
What are the prime factors of 2115511014?
2, 3, 241, 1463009
List the prime factors of 432793802.
2, 7, 30913843
What are the prime factors of 389647093?
11, 35422463
What are the prime factors of 1180111037?
7, 7159, 23549
List the prime factors of 37373814.
2, 3, 127, 16349
List the prime factors of 189083528.
2, 613, 38557
List the prime factors of 2701920272.
2, 168870017
What are the prime factors of 2237010333?
3, 1049, 710839
List the prime factors of 158910180.
2, 3, 5, 11, 13, 18521
What are the prime factors of 2917836530?
2, 5, 7, 103, 404693
What are the prime factors of 73371252?
2, 3, 17, 359663
List the prime factors of 7567981633.
179, 1567, 26981
List the prime factors of 288628493.
288628493
What are the prime factors of 60829029?
3, 2252927
List the prime factors of 1377484261.
1377484261
List the prime factors of 2751955192.
2, 7, 4513, 10889
List the prime factors of 777281987.
23, 33794869
What are the prime factors of 619664364?
2, 3, 11, 521603
List the prime factors of 311739181.
13, 23979937
List the prime factors of 136020757.
17, 503, 15907
What are the prime factors of 120811218?
2, 3, 11, 569, 3217
What are the prime factors of 447647425?
5, 17905897
List the prime factors of 188737392.
2, 3, 67, 58687
What are the prime factors of 574830498?
2, 3, 11, 8709553
What are the prime factors of 2678088179?
13, 206006783
What are the prime factors of 1017279211?
13, 78252247
What are the prime factors of 901041565?
5, 17, 43, 246523
What are the prime factors of 2512228788?
2, 3, 17, 379, 10831
List the prime factors of 20620937.
1117, 18461
List the prime factors of 173173800.
2, 3, 5, 349, 827
List the prime factors of 3008002327.
11, 273454757
What are the prime factors of 74324001?
3, 73, 463, 733
What are the prime factors of 51041687?
71, 718897
List the prime factors of 384623401.
71, 5417231
List the prime factors of 259812103.
259812103
What are the prime factors of 7755420564?
2, 3, 4327, 49787
List the prime factors of 2371319.
857, 2767
What are the prime factors of 2754702123?
3, 918234041
What are the prime factors of 498684997?
498684997
What are the prime factors of 37789103?
11, 3435373
What are the prime factors of 287859675?
3, 5, 3838129
What are the prime factors of 45206342?
2, 22603171
List the prime factors of 213275616.
2, 3, 661, 3361
List the prime factors of 467610903.
3, 51956767
What are the prime factors of 1393835533?
3061, 455353
List the prime factors of 2517720085.
5, 197, 2556061
List the prime factors of 636509060.
2, 5, 11, 877, 3299
What are the prime factors of 1829820829?
37, 49454617
List the prime factors of 95789955.
3, 5, 6385997
What are the prime factors of 4844163?
3, 1614721
What are the prime factors of 176231364?
2, 3, 14685947
List the prime factors of 1630924692.
2, 3, 53, 2564347
What are the prime factors of 27974409?
3, 9324803
List the prime factors of 129214827.
3, 7, 163, 12583
What are the prime factors of 53973163?
823, 65581
List the prime factors of 1574617934.
2, 1933, 407299
List the prime factors of 140866941.
3, 46955647
What are the prime factors of 256973704?
2, 13, 1051, 2351
List the prime factors of 1675274071.
1675274071
List the prime factors of 678377313.
3, 89, 846913
List the prime factors of 174087188.
2, 11, 73, 83, 653
List the prime factors of 850793570.
2, 5, 11, 59, 337, 389
What are the prime factors of 999083226?
2, 3, 59, 2822269
List the prime factors of 259350194.
2, 59, 181, 12143
What are the prime factors of 81053711?
4987, 16253
What are the prime factors of 2504845870?
2, 5, 250484587
What are the prime factors of 1865531202?
2, 3, 310921867
List the prime factors of 9804619.
11, 891329
List the prime factors of 2494490988.
2, 3, 11, 17, 9187
List the prime factors of 436694763.
3, 145564921
What are the prime factors of 55845729?
3, 47, 53
List the prime factors of 14132097.
3, 7, 23, 3251
What are the prime factors of 48702901?
13, 3746377
List the prime factors of 137725579.
269, 511991
What are the prime factors of 160014101?
13, 173, 421
